 Let v = f + j. Calculate the greatest common factor of v and 12.
12
Suppose -512*b + 645*b = 2394. Suppose -x + 4 = 0, 3*x = f - 0*f - 236. Let v = 374 - f. What is the highest common factor of b and v?
18
Suppose -3*o + 6*o - 12 = 0. Suppose 5*m + o*b = 31, -14 = -2*m - 2*b - 0*b. Suppose -3*a + 15 - m = 0. What is the highest common factor of 4 and a?
4
Let l be -36 - (-1776)/37 - 11/((-3)/(-3)). Let d = 71 - 0. What is the greatest common factor of l and d?
1
Let o be 2 + -1 + 4 - (35 - 33). Let v be o + (1 - (-19 + -2)). Calculate the highest common factor of 275 and v.
25
Let o(i) = i**2 + 11*i + 49. Let l be o(-8). Let p(z) = 3*z + 3. Let y be p(0). Let w be (-12)/y - 1*-14. What is the highest common divisor of w and l?
5
Let u be ((-7256730)/(-45))/23*(2/4 + 1). What is the greatest common divisor of u and 13?
13
Let q = 110 - 95. Suppose -273 = 14*t - 1113. What is the greatest common divisor of t and q?
15
Let t = 109 + -181. Let k be -1 - (t - (-6)/(-1)). What is the greatest common factor of k and 7?
7
Let c = -18980 - -22686. Calculate the greatest common divisor of 51 and c.
17
Let y = 1700 - 893. Let j = 840 - y. What is the greatest common divisor of 363 and j?
33
Let c = 311 - 185. Suppose -7*a - 14*a = -c. Calculate the greatest common divisor of a and 102.
6
Let j = -194 - -198. Suppose 3*q = a + j*a - 2373, -1439 = -3*a - 2*q. Calculate the greatest common factor of 9 and a.
9
Let o(f) = 2*f**3 - 12*f**2 - 3*f + 24. Let w be o(6). Suppose 3*p = -g + 311, -2*p = g - w*p - 283. Calculate the greatest common divisor of g and 39.
13
Suppose 588 = -346*o + 374*o. Let u = 197 - 106. Calculate the greatest common factor of o and u.
7
Let j = -591 + 1067. Let k = -463 + j. Let a(v) = -73*v - 3. Let w be a(-2). What is the highest common factor of k and w?
13
Let q = 1799 + -1781. Calculate the highest common factor of 28 and q.
2
Suppose -4*l = 5 - 57. Let c(i) = -i**2 + 13*i + 4. Let m be c(l). Let t be m/(-3)*(-18)/3 - -3. Calculate the greatest common divisor of 11 and t.
11
Suppose -5*k = -m - 5, -k = -5*k + 2*m - 2. Suppose -1 = k*q - 33. Suppose n - 8 = -5*r, 5*r + 16 = 2*n + 2*r. What is the greatest common factor of q and n?
8
Let r = -146 - -168. What is the greatest common divisor of 1342 and r?
22
Suppose 27*s - 88680 + 21000 = -133*s. What is the highest common factor of 5358 and s?
141
Let l(a) = -11*a**3 + 5*a**2 + 2*a + 22. Suppose -31*v = 78 + 46. Let g be l(v). Calculate the greatest common divisor of 84 and g.
42
Let d be 88/16 + 2/(-4) - -28. Let w be (36/6)/((-11)/(d/(-6))). What is the highest common factor of 3 and w?
3
Suppose -2*q + o = -198, q + 2*o = 3*q - 198. Let v be (2 - -20)*(-4)/(-8). Let g = 0 + v. What is the highest common factor of q and g?
11
Let w be (-1)/((-432)/1760 + 2/10). Suppose -w*c = -34*c + 288. Calculate the highest common factor of 104 and c.
8
Let b(w) = 8*w**2 + 36*w - 50. Let h be b(20). Calculate the greatest common divisor of h and 90.
90
Let m(q) = 47*q**2 - q + 11. Let w be m(-4). Let h = -495 + w. What is the greatest common divisor of 17 and h?
17
Let q = 167 + -107. Suppose 3*r - 2*a - 45 = 0, a - 75 = -5*r + 2*a. Suppose 0 = -29*c + r*c + 210. Calculate the highest common factor of q and c.
15
Let t = 17 + -8. Suppose -h + t = -0*h. Suppose -5*s + 5*o = -490, -o + 5 = 4. Calculate the greatest common factor of s and h.
9
Let r = -407 - -410. Suppose i = -3*p + 15, 12 - 51 = -2*i - r*p. Let d be -2 - 8/(1 - 2). What is the greatest common factor of i and d?
6
Suppose 2*z - 147 - 89 = -2*o, -z = 2. What is the highest common divisor of 760 and o?
40
Suppose -122 = -d - 5. Let m be 44/66 - 6314/(-123). What is the highest common factor of m and d?
13
Let t = -2112 + 1200. Let l be t/(-15) - -2 - (-9)/45. Calculate the greatest common factor of 27 and l.
9
Suppose -151*o - 1 = -152*o, -n + o + 21 = 0. Suppose 670 = 2*b - 3*y - 1055, -3*y = -4*b + 3441. What is the greatest common divisor of b and n?
22
Let x = 20 - 14. Let u be 71 + ((-14 + 2)/(-4) - 6). Let h = -50 + u. What is the greatest common divisor of h and x?
6
Suppose 0 = -10*v + 672 + 788. Calculate the highest common divisor of 2701 and v.
73
Let h = 22856 + -22853. Let p = -4 - -5. What is the greatest common divisor of h and p?
1
Let w be (1/(-3))/(1/(-3)). Suppose -n + 3 = 4*v, -4*v + 5*n + 7 = 2*n. Calculate the highest common factor of w and v.
1
Let v = -30 + 98. Let q(d) = -267*d - 2636. Let h be q(-10). Calculate the highest common factor of h and v.
34
Let a(g) = g**2 - 2. Suppose -4*i = -4, -4*i + 3 = -m - i. Let c be a(m). Let r be 1*15/3*(6 - c). What is the highest common divisor of 16 and r?
8
Let x be ((-9)/2 - -5) + ((-4986)/(-4))/1. What is the highest common factor of 86 and x?
43
Let d(a) be the first derivative of a**3/3 - 5*a**2/2 + 7*a - 5. Let l be d(6). Suppose 15*h = l*h + 16. What is the highest common factor of 128 and h?
8
Let q(r) = -4*r + 49. Let v be q(12). Let j = 0 + 15. Suppose 39 = 5*c + 3*h, -2*c + 3*h + j + 9 = 0. Calculate the highest common divisor of c and v.
1
Suppose 0 = 5*i + 5, -75 - 11 = -g - 5*i. Suppose 6*o = 3*o + 42. Calculate the highest common divisor of o and g.
7
Suppose 0*i + 5*x = -i - 20, -5*x = 4*i + 5. Suppose 3*s - 6 = -21, -4*h = -i*s - 69. Calculate the highest common divisor of h and 44.
11
Suppose 255 = -2*d + 1589. Suppose 4*h + 135 - d = 0. Let r = -371 + 390. Calculate the highest common divisor of r and h.
19
Let s(n) = -5*n**3 - n**2 - 8*n. Let f be s(-3). Suppose -3*g + 3*w = -90, -4*w + w - f = -5*g. Calculate the greatest common divisor of 660 and g.
30
Let c be 22/3 + 12/(-9). Suppose c = 8*x - 7*x. Suppose x*l = -32 + 242. Calculate the highest common factor of l and 5.
5
Let k(w) = w**3 - 6*w**2 + 10*w - 6. Let l be k(4). Let s(q) = 0*q**2 + l + 2 + 45*q**2. Let a be s(-2). Calculate the greatest common divisor of a and 46.
46
Let y(f) = 3*f - 13. Let r = 123 - 120. Let w be y(r). Let m be 3 - (w + 8)/4. Calculate the greatest common divisor of 2 and m.
2
Let b(c) = -577*c - 2018. Let j be b(-5). Calculate the greatest common factor of 15 and j.
3
Let t(d) = d**3 + 13*d**2 - 10*d - 116. Let c be t(-13). Calculate the highest common factor of 581 and c.
7
Suppose 114*h = 112*h - 2*s + 5024, -h + 2*s + 2533 = 0. Calculate the greatest common factor of 3664 and h.
229
Let i be (-10745)/(-14) - 3/6. Let j(u) = -u + 53. Let q be j(-6). What is the greatest common divisor of q and i?
59
Suppose 11*s - 7*s = -5*d + 727, 0 = -d - 5*s + 137. Calculate the highest common factor of d and 672.
21
Suppose 19*y - 6981 = 3479 - 1568. What is the highest common factor of 1560 and y?
156
Suppose -r = -4*a - 20, 3*r + 5*a + 71 = 182. Let h(f) = -6*f - 3. Let x be h(3). Let m = x + r. What is the highest common divisor of m and 110?
11
Let j be (18756/(-1042))/(-4 - 31/(-8)). Let b be ((-63)/1)/(-1) - 0. Calculate the highest common divisor of j and b.
9
Let q(c) = -11*c + 6. Let w be q(-3). Suppose 5*l - w = -9. Let b be 56/l*42/8. What is the greatest common divisor of 14 and b?
7
Suppose 0 = -4*h, h = 2*f - 44 - 32. Let u = -104 + f. Let q be (-291)/(-33) + (-12)/u. What is the highest common divisor of 72 and q?
9
Let u be 598 - 44*14/(-56). What is the highest common factor of u and 1392?
87
Let t be (-13 - 2184/36)*-3. What is the greatest common factor of t and 7?
1
Let c = 7 + -3. Let l = 373 + -256. Let y = l - 105. What is the highest common divisor of c and y?
4
Let g be -8 + 0 - (-3145 - (-29 - -8)). What is the highest common divisor of 1216 and g?
76
Let g(p) = p + 20. Let z be g(0). Let y(o) = -72*o + 3486. Let r be y(48). What is the highest common divisor of r and z?
10
Suppose -t - 2*t + 6 = 0. Let h be (-25)/t + 2/(-4). Let g = -11 - h. Calculate the greatest common factor of g and 2.
2
Let j be 560/(-21)*27/18. Let z be (5 + -3)/((-5)/j). Calculate the highest common divisor of 28 and z.
4
Let u = 3492 - 3422. Calculate the highest common divisor of u and 994.
14
Suppose 3*v - 697 = -2*f + 4*v, -f + 366 = 3*v. Suppose 0 = -l - 2*l + f. Let z = -3377 - -3403. Calculate the greatest common factor of l and z.
13
Let g = 5140 + -5110. What is the greatest common divisor of g and 2630?
10
Let v be 1/(-4) - (-7674)/24*-1. Let u = -111 - v. C